 by 207?
118
What is the remainder when 126 is divided by 22?
16
What is the remainder when 39 is divided by 34?
5
What is the remainder when 1488 is divided by 10?
8
Calculate the remainder when 1512 is divided by 169.
160
What is the remainder when 44 is divided by 15?
14
Calculate the remainder when 18 is divided by 13.
5
Calculate the remainder when 3911 is divided by 3898.
13
Calculate the remainder when 140 is divided by 72.
68
Calculate the remainder when 56 is divided by 29.
27
What is the remainder when 110 is divided by 36?
2
What is the remainder when 222 is divided by 75?
72
What is the remainder when 2450 is divided by 63?
56
Calculate the remainder when 2776 is divided by 23.
16
What is the remainder when 101 is divided by 27?
20
Calculate the remainder when 604 is divided by 55.
54
Calculate the remainder when 69 is divided by 18.
15
What is the remainder when 541 is divided by 49?
2
Calculate the remainder when 305 is divided by 34.
33
What is the remainder when 272 is divided by 39?
38
What is the remainder when 6579 is divided by 235?
234
Calculate the remainder when 786 is divided by 66.
60
Calculate the remainder when 185 is divided by 175.
10
Calculate the remainder when 79 is divided by 22.
13
Calculate the remainder when 283 is divided by 26.
23
What is the remainder when 283 is divided by 21?
10
Calculate the remainder when 21 is divided by 14.
7
Calculate the remainder when 29 is divided by 21.
8
What is the remainder when 16421 is divided by 17?
16
What is the remainder when 146 is divided by 40?
26
What is the remainder when 327 is divided by 22?
19
What is the remainder when 629 is divided by 30?
29
Calculate the remainder when 1648 is divided by 5.
3
What is the remainder when 2839 is divided by 5?
4
What is the remainder when 519 is divided by 52?
51
What is the remainder when 2367 is divided by 94?
17
Calculate the remainder when 183 is divided by 63.
57
Calculate the remainder when 805 is divided by 201.
1
Calculate the remainder when 157 is divided by 6.
1
Calculate the remainder when 17 is divided by 8.
1
Calculate the remainder when 3574 is divided by 1779.
16
What is the remainder when 1079 is divided by 135?
134
What is the remainder when 1512 is divided by 25?
12
What is the remainder when 168 is divided by 33?
3
Calculate the remainder when 33 is divided by 10.
3
What is the remainder when 1468 is divided by 6?
4
What is the remainder when 67 is divided by 32?
3
Calculate the remainder when 649 is divided by 254.
141
What is the remainder when 84 is divided by 33?
18
What is the remainder when 30 is divided by 30?
0
Calculate the remainder when 355 is divided by 60.
55
What is the remainder when 54 is divided by 28?
26
What is the remainder when 4616 is divided by 27?
26
Calculate the remainder when 149 is divided by 4.
1
What is the remainder when 758 is divided by 8?
6
Calculate the remainder when 448 is divided by 138.
34
What is the remainder when 92 is divided by 14?
8
Calculate the remainder when 946 is divided by 471.
4
What is the remainder when 263 is divided by 27?
20
Calculate the remainder when 262 is divided by 38.
34
What is the remainder when 2995 is divided by 23?
5
Calculate the remainder when 278 is divided by 74.
56
What is the remainder when 58 is divided by 3?
1
What is the remainder when 214 is divided by 71?
1
Calculate the remainder when 125 is divided by 124.
1
Calculate the remainder when 9447 is divided by 30.
27
What is the remainder when 572 is divided by 82?
80
Calculate the remainder when 658 is divided by 58.
20
What is the remainder when 140 is divided by 15?
5
Calculate the remainder when 7236 is divided by 11.
9
What is the remainder when 67 is divided by 23?
21
Calculate the remainder when 522 is divided by 77.
60
What is the remainder when 142 is divided by 71?
0
What is the remainder when 130 is divided by 44?
42
What is the remainder when 88 is divided by 9?
7
Calculate the remainder when 368 is divided by 47.
39
Calculate the remainder when 719 is divided by 3.
2
What is the remainder when 4662 is divided by 88?
86
Calculate the remainder when 481 is divided by 16.
1
Calculate the remainder when 61 is divided by 10.
1
What is the remainder when 1540 is divided by 762?
16
What is the remainder when 146 is divided by 139?
7
What is the remainder when 11 is divided by 4?
3
Calculate the remainder when 129 is divided by 35.
24
What is the remainder when 76838 is divided by 170?
168
What is the remainder when 279 is divided by 10?
9
Calculate the remainder when 16858 is divided by 16.
10
What is the remainder when 475 is divided by 79?
1
Calculate the remainder when 626 is divided by 75.
26
Calculate the remainder when 10115 is divided by 1444.
7
Calculate the remainder when 385 is divided by 9.
7
Calculate the remainder when 281 is divided by 74.
59
What is the remainder when 9843 is divided by 197?
190
What is the remainder when 7850 is divided by 11?
7
Calculate the remainder when 844 is divided by 276.
16
Calculate the remainder when 12125 is divided by 4040.
5
What is the remainder when 119 is divided by 60?
59
What is the remainder when 1118 is divided by 80?
78
Calculate the remainder when 70 is divided by 26.
18
Calculate the remainder when 350 is divided by 6.
2
What is the remainder when 696 is divided by 41?
40
What is the remainder when 84 is divided by 3?
0
Calculate the remainder when 3056 is divided by 45.
41
What is the remainder when 145 is divided by 21?
19
Calculate the remainder when 52 is divided by 36.
16
Calculate the remainder when 101 is divided by 16.
5
What is the remainder when 67 is divided by 45?
22
What is the remainder when 431 is divided by 28?
11
What is the remainder when 97 is divided by 2?
1
Calculate the remainder when 608 is divided by 47.
44
Calculate the remainder when 792 is divided by 53.
50
Calculate the remainder when 200 is divided by 29.
26
Calculate the remainder when 97 is divided by 24.
1
Calculate the remainder when 99 is divided by 28.
15
Calculate the remainder when 389 is divided by 63.
11
Calculate the remainder when 540 is divided by 39.
33
Calculate the remainder when 2596 is divided by 23.
20
Calculate the remainder when 2101 is divided by 115.
31
Calculate the remainder when 352 is divided by 36.
28
Calculate the remainder when 2506 is divided by 23.
22
Calculate the remainder when 1198 is divided by 60.
58
What is the remainder when 1559 is divided by 156?
155
What is the remainder when 604 is divided by 47?
40
What is the remainder when 439 is divided by 26?
23
Calculate the remainder when 901 is divided by 42.
19
Calculate the remainder when 105 is divided by 25.
5
Calculate the remainder when 15516 is divided by 24.
12
Calculate the remainder when 1488 is divided by 215.
198
Calculate the remainder when 214 is divided by 73.
68
What is the remainder when 92 is divided by 36?
20
What is the remainder when 7050 is divided by 2344?
18
Calculate the remainder when 20109 is divided by 10.
9
Calculate the remainder when 144 is divided by 6.
0
What is the remainder when 952 is divided by 60?
52
Calculate the remainder when 170 is divided by 87.
83
What is the remainder when 243 is divided by 173?
70
What is the remainder when 382 is divided by 48?
46
What is the remainder when 74 is divided by 21?
11
Calculate the remainder when 5597 is divided by 224.
221
Calculate the remainder when 19436 is divided by 7.
4
Calculate the remainder when 676 is divided by 32.
4
What is the remainder when 81 is divided by 19?
5
Calculate the remainder when 650 is divided by 228.
194
Calculate the remainder when 1266 is divided by 178.
20
What is the remainder when 95 is divided by 30?
5
Calculate the remainder when 109 is divided by 66.
43
Calculate the remainder when 157 is divided by 140.
17
Calculate the remainder when 171 is divided by 23.
10
What is the remainder when 250 is divided by 20?
10
What is the remainder when 89 is divided by 59?
30
Calculate the remainder when 967 is divided by 44.
43
Calculate the remainder when 4636 is divided by 9.
1
What is the remainder when 52 is divided by 16?
4
Calculate the remainder when 95 is divided by 46.
3
What is the remainder when 495 is divided by 259?
236
Calculate the remainder